e 13
208a2
What is 1030301 (base 4) in base 13?
230c
What is 16ab (base 14) in base 11?
3071
Convert -45874 (base 9) to base 16.
-778c
Convert 111110 (base 3) to base 10.
363
What is -41737 (base 9) in base 8?
-65666
Convert -3300212 (base 4) to base 5.
-443043
Convert 283a (base 11) to base 14.
14a5
Convert -76 (base 10) to base 7.
-136
What is -2001111 (base 3) in base 14?
-790
4d1c (base 15) to base 8
40104
-38815 (base 10) to base 4
-21132133
What is 1868 (base 9) in base 13?
869
What is 226 (base 13) in base 11?
307
-27521 (base 9) to base 15
-57d4
What is 36 (base 13) in base 8?
55
Convert 7424 (base 8) to base 3.
12021222
Convert 1321 (base 5) to base 4.
3103
What is -122311 (base 4) in base 12?
-bb1
143645 (base 7) to base 3
1102002102
What is -37e (base 16) in base 13?
-53a
Convert 476 (base 11) to base 12.
3b3
Convert -4535 (base 6) to base 15.
-4b2
-22717 (base 8) to base 7
-40135
Convert 143430 (base 7) to base 14.
a117
What is -112020012 (base 3) in base 11?
-7880
440120 (base 5) to base 16
3abb
Convert -2702 (base 10) to base 11.
-2037
666 (base 8) to base 2
110110110
Convert 54204 (base 6) to base 5.
214140
Convert b97 (base 13) to base 6.
13103
What is -346 (base 16) in base 4?
-31012
Convert 57a2 (base 11) to base 7.
31125
Convert -23a1 (base 15) to base 10.
-7576
Convert -b43b (base 15) to base 10.
-38081
What is -13369 (base 13) in base 6?
-433254
21145 (base 6) to base 16
b39
Convert -53301 (base 6) to base 5.
-212422
What is 22433 (base 9) in base 8?
35126
What is 133b1 (base 12) in base 16?
6775
What is 30052 (base 6) in base 2?
111101010000
-1101101 (base 2) to base 6
-301
-212454 (base 7) to base 15
-ae26
-68 (base 9) to base 13
-4a
What is -214562 (base 7) in base 14?
-da32
34025 (base 8) to base 12
8385
Convert 4004 (base 5) to base 6.
2200
What is -33551 (base 7) in base 10?
-8513
1000010001000 (base 2) to base 14
1784
Convert 1157 (base 12) to base 8.
3623
-33743 (base 8) to base 4
-3133203
What is 4737 (base 11) in base 7?
24052
-4b4 (base 14) to base 9
-1256
Convert 1b2 (base 13) to base 2.
100111010
Convert -430422 (base 5) to base 9.
-21776
-1320301 (base 4) to base 3
-101121021
Convert 1045 (base 6) to base 15.
115
2011 (base 3) to base 8
72
What is 4583 (base 9) in base 11?
2608
-6086 (base 9) to base 13
-2046
-11110101100000 (base 2) to base 11
-10894
-2034314 (base 5) to base 2
-1000001110101101
1013 (base 9) to base 11
614
What is 2413 (base 16) in base 11?
6a36
Convert 1888 (base 9) to base 11.
1105
Convert -10021 (base 5) to base 9.
-776
Convert 1625 (base 10) to base 8.
3131
b88 (base 14) to base 9
3108
Convert a25c (base 15) to base 8.
102757
What is -190 (base 16) in base 5?
-3100
1836 (base 12) to base 4
231222
2414 (base 6) to base 7
1465
Convert 110121332 (base 4) to base 9.
136578
What is -4423 (base 5) in base 4?
-21211
Convert 101022001 (base 3) to base 16.
1d53
Convert 12314 (base 8) to base 11.
4000
Convert -12 (base 9) to base 14.
-b
-200074 (base 8) to base 3
-10022222111
453b (base 13) to base 7
40142
What is -2454 (base 7) in base 4?
-32121
10223 (base 4) to base 10
299
-344 (base 12) to base 15
-224
What is -22320 (base 4) in base 3?
-221210
What is 1012220 (base 4) in base 7?
16115
Convert 155352 (base 6) to base 2.
11110001110100
Convert -2f7 (base 16) to base 13.
-465
Convert -164320 (base 7) to base 16.
-7fea
-2514 (base 7) to base 8
-1656
What is -4451 (base 7) in base 16?
-644
What is 3ab (base 12) in base 6?
2335
591 (base 12) to base 7
2263
Convert -70c (base 13) to base 16.
-4ab
What is -1040 (base 7) in base 6?
-1415
What is -3032 (base 4) in base 5?
-1311
Convert 704 (base 14) to base 16.
560
11200 (base 4) to base 14
1b2
Convert 150001 (base 6) to base 16.
37b1
16325 (base 7) to base 2
1001000010001
What is 6708 (base 10) in base 16?
1a34
-2a5 (base 12) to base 4
-12131
Convert -88a (base 15) to base 10.
-1930
-249 (base 13) to base 7
-1110
Convert -688 (base 9) to base 7.
-1436
Convert 7569 (base 14) to base 12.
b8a1
What is 10300 (base 4) in base 14?
17a
330403 (base 5) to base 7
45046
-24444 (base 5) to base 12
-1102
What is 111001010 (base 2) in base 15?
208
495 (base 15) to base 13
620
What is -9a0 (base 13) in base 15?
-751
Convert 10110000 (base 2) to base 4.
2300
What is -17367 (base 9) in base 10?
-11968
What is -13b72 (base 12) in base 5?
-1340330
Convert -274 (base 13) to base 8.
-661
What is -8699 (base 14) in base 5?
-1221023
b36 (base 12) to base 7
4512
4c (base 13) to base 7
121
-31332 (base 4) to base 13
-53a
-565 (base 9) to base 14
-252
33a (base 12) to base 5
3403
What is 102 (base 10) in base 8?
146
Convert -11030130 (base 4) to base 10.
-21276
What is -3341 (base 9) in base 11?
-1943
Convert -32112 (base 5) to base 16.
-86d
What is 36213 (base 8) in base 12?
8b77
5624 (base 11) to base 12
4353
What is 343 (base 13) in base 11?
471
What is -2135 (base 13) in base 12?
-27bb
-11025 (base 6) to base 4
-113321
277b (base 12) to base 10
4559
153aa (base 14) to base 10
52874
Convert 33020 (base 4) to base 3.
1022212
What is 2360 (base 15) in base 8?
16533
What is 4ce (base 15) in base 6?
5022
Convert 4160 (base 15) to base 4.
3113313
-15004 (base 6) to base 9
-3234
What is 21020002 (base 3) in base 13?
2522
What is 66373 (base 9) in base 12?
215a9
What is 140002 (base 5) in base 12?
330b
262a (base 15) to base 14
2d76
-101832 (base 9) to base 7
-341153
Convert -3103 (base 5) to base 9.
-487
What is 507 (base 9) in base 15?
1c7
Convert -2001 (base 6) to base 7.
-1156
3301 (base 9) to base 10
2431
b264 (base 13) to base 8
60013
What is 32553 (base 9) in base 14?
7c26
Convert 76b7 (base 12) to base 15.
3d34
97b (base 16) to base 5
34202
-10011100110010 (base 2) to base 14
-392a
Convert -1006 (base 11) to base 6.
-10105
Convert 4030 (base 5) to base 8.
1003
What is -1000100010 (base 2) in base 11?
-457
-11300 (base 4) to base 13
-224
What is -143 (base 9) in base 12?
-a0
Convert -80b (base 14) to base 5.
-22304
What is 1329 (base 10) in base 11?
aa9
What is 3550 (base 10) in base 15?
10ba
Convert 156 (base 7) to base 5.
330
What is -62d (base 16) in base 11?
-1208
What is 6d76 (base 15) in base 4?
11223312
-2040 (base 5) to base 16
-10e
1210 (base 4) to base 8
144
What is -228 (base 13) in base 16?
-174
1101000011 (base 2) to base 13
4c3
Convert -2021 (base 9) to base 16.
-5c5
What is 43687 (base 10) in base 15?
ce27
-2000220 (base 3) to base 11
-1128
What is -3032 (base 5) in base 3?
-112112
What is -451204 (base 6) in base 15?
-b351
-1011100010 (base 2) to base 11
-611
Convert -6825 (base 9) to base 2.
-1001110110101
Convert 4123 (base 5) to base 13.
325
What is -2266 (base 16) in base 3?
-110002011
11002011 (base 3) to base 8
5636
What is 35436 (base 7) in base 14?
348d
-215556 (base 8) to base 6
-1315530
Convert 3151 (base 6) to base 8.
1313
-506 (base 7) to base 3
-100022
What is 111111000 (base 2) in base 10?
504
-1101 (base 3) to base 2
-100101
24112 (base 5) to base 2
11011110110
What is 10101011011001 (base 2) in base 11?
8272
Convert 30621 (base 8) to base 5.
401224
Convert -1021220 (base 4) to base 8.
-11150
Convert -2027 (base 14) to base 15.
-1983
Convert -3404 (base 6) to base 14.
-40c
Convert 443 (base 5) to base 2.
1111011
What is a86 (base 12) in base 5?
22132
What is 714 (base 8) in base 13?
295
What is 10099 (base 12) in base 11?
14738
100111000000 (base 2) to base 10
2496
Convert 2566 (base 14) to base 8.
14636
-220021 (base 3) to base 5
-10110
3326 (base 7) to base 3
1122022
Convert 419b (base 15) to base 14.
50ab
What is -1024554 (base 6) in base 13?
-19ba3
What is 11101101 (base 2) in base 8?
355
What is 157 (base 11) in base 16?
b7
102 (base 12) to base 3
12102
Convert 10201102 (base 3) to base 14.
db9
Convert -142212 (base 5) to base 3.
-22010201
-61c9 (base 15) to base 12
-bb60
Convert -20332 (base 4) to base 15.
-284
Convert 2041 (base 5) to base 7.
535
21642 (base 8) to base 5
242442
Convert 5373 (base 14) to base 10.
14409
What is -12434 (base 10) in base 14?
-4762
-176 (base 11) to base 8
-314
What is 1114443 (base 5) in base 10?
19998
Convert -12a7 (base 15) to base 12.
-237a
Convert 3863 (base 12) to base 16.
190b
-327 (base 10) to base 5
-2302
Convert -15 (base 12) to base 6.
-25
Convert 306 (base 14) to base 11.
4a0
What is 2431 